{"id":429,"date":"2025-11-11T15:45:57","date_gmt":"2025-11-11T15:45:57","guid":{"rendered":"http:\/\/www.kilicbicak.com\/?post_type=product&#038;p=429"},"modified":"2025-11-11T15:46:58","modified_gmt":"2025-11-11T15:46:58","slug":"borek-bicaklari-001","status":"publish","type":"product","link":"https:\/\/www.kilicbicak.com\/index.php\/urun\/borek-bicaklari-001\/","title":{"rendered":"B\u00f6rek B\u0131\u00e7aklar\u0131 &#8211; 001"},"content":{"rendered":"<p>\u0130ncecik hamurlu b\u00f6reklerinizi, po\u011fa\u00e7alar\u0131n\u0131z\u0131 ve pizzalar\u0131n\u0131z\u0131 da\u011f\u0131tmadan, \u015feklini bozmadan kesmek i\u00e7in \u00f6zel olarak tasarlanm\u0131\u015f keskin ve pratik b\u0131\u00e7aklar.<\/p>\n","protected":false},"excerpt":{"rendered":"<p>\u0130ncecik hamurlu b\u00f6reklerinizi, po\u011fa\u00e7alar\u0131n\u0131z\u0131 ve pizzalar\u0131n\u0131z\u0131 da\u011f\u0131tmadan, \u015feklini bozmadan kesmek i\u00e7in \u00f6zel olarak [&hellip;]<\/p>\n","protected":false},"featured_media":430,"comment_status":"open","ping_status":"closed","template":"","meta":[],"product_brand":[],"product_cat":[21],"product_tag":[],"class_list":{"0":"post-429","1":"product","2":"type-product","3":"status-publish","4":"has-post-thumbnail","6":"product_cat-borek-bicaklari","8":"first","9":"instock","10":"shipping-taxable","11":"purchasable","12":"product-type-simple"},"_links":{"self":[{"href":"https:\/\/www.kilicbicak.com\/index.php\/wp-json\/wp\/v2\/product\/429","targetHints":{"allow":["GET"]}}],"collection":[{"href":"https:\/\/www.kilicbicak.com\/index.php\/wp-json\/wp\/v2\/product"}],"about":[{"href":"https:\/\/www.kilicbicak.com\/index.php\/wp-json\/wp\/v2\/types\/product"}],"replies":[{"embeddable":true,"href":"https:\/\/www.kilicbicak.com\/index.php\/wp-json\/wp\/v2\/comments?post=429"}],"wp:featuredmedia":[{"embeddable":true,"href":"https:\/\/www.kilicbicak.com\/index.php\/wp-json\/wp\/v2\/media\/430"}],"wp:attachment":[{"href":"https:\/\/www.kilicbicak.com\/index.php\/wp-json\/wp\/v2\/media?parent=429"}],"wp:term":[{"taxonomy":"product_brand","embeddable":true,"href":"https:\/\/www.kilicbicak.com\/index.php\/wp-json\/wp\/v2\/product_brand?post=429"},{"taxonomy":"product_cat","embeddable":true,"href":"https:\/\/www.kilicbicak.com\/index.php\/wp-json\/wp\/v2\/product_cat?post=429"},{"taxonomy":"product_tag","embeddable":true,"href":"https:\/\/www.kilicbicak.com\/index.php\/wp-json\/wp\/v2\/product_tag?post=429"}],"curies":[{"name":"wp","href":"https:\/\/api.w.org\/{rel}","templated":true}]}}