{"id":455,"date":"2025-11-11T16:05:49","date_gmt":"2025-11-11T16:05:49","guid":{"rendered":"http:\/\/www.kilicbicak.com\/?post_type=product&#038;p=455"},"modified":"2025-11-11T16:05:50","modified_gmt":"2025-11-11T16:05:50","slug":"doner-bicagi-002","status":"publish","type":"product","link":"https:\/\/www.kilicbicak.com\/index.php\/urun\/doner-bicagi-002\/","title":{"rendered":"D\u00f6ner B\u0131\u00e7a\u011f\u0131 &#8211; 002"},"content":{"rendered":"<p>D\u00f6ner ustalar\u0131 i\u00e7in \u00f6zel olarak geli\u015ftirilmi\u015f, ince ve e\u015fit dilimleme sa\u011flayan, y\u00fcksek mukavemetli profesyonel b\u0131\u00e7aklar.<\/p>\n","protected":false},"excerpt":{"rendered":"<p>D\u00f6ner ustalar\u0131 i\u00e7in \u00f6zel olarak geli\u015ftirilmi\u015f, ince ve e\u015fit dilimleme sa\u011flayan, y\u00fcksek mukavemetli [&hellip;]<\/p>\n","protected":false},"featured_media":456,"comment_status":"open","ping_status":"closed","template":"","meta":[],"product_brand":[],"product_cat":[23],"product_tag":[],"class_list":{"0":"post-455","1":"product","2":"type-product","3":"status-publish","4":"has-post-thumbnail","6":"product_cat-doner-bicaklari","8":"first","9":"instock","10":"shipping-taxable","11":"purchasable","12":"product-type-simple"},"_links":{"self":[{"href":"https:\/\/www.kilicbicak.com\/index.php\/wp-json\/wp\/v2\/product\/455","targetHints":{"allow":["GET"]}}],"collection":[{"href":"https:\/\/www.kilicbicak.com\/index.php\/wp-json\/wp\/v2\/product"}],"about":[{"href":"https:\/\/www.kilicbicak.com\/index.php\/wp-json\/wp\/v2\/types\/product"}],"replies":[{"embeddable":true,"href":"https:\/\/www.kilicbicak.com\/index.php\/wp-json\/wp\/v2\/comments?post=455"}],"wp:featuredmedia":[{"embeddable":true,"href":"https:\/\/www.kilicbicak.com\/index.php\/wp-json\/wp\/v2\/media\/456"}],"wp:attachment":[{"href":"https:\/\/www.kilicbicak.com\/index.php\/wp-json\/wp\/v2\/media?parent=455"}],"wp:term":[{"taxonomy":"product_brand","embeddable":true,"href":"https:\/\/www.kilicbicak.com\/index.php\/wp-json\/wp\/v2\/product_brand?post=455"},{"taxonomy":"product_cat","embeddable":true,"href":"https:\/\/www.kilicbicak.com\/index.php\/wp-json\/wp\/v2\/product_cat?post=455"},{"taxonomy":"product_tag","embeddable":true,"href":"https:\/\/www.kilicbicak.com\/index.php\/wp-json\/wp\/v2\/product_tag?post=455"}],"curies":[{"name":"wp","href":"https:\/\/api.w.org\/{rel}","templated":true}]}}