{"id":564,"date":"2025-11-11T17:21:07","date_gmt":"2025-11-11T17:21:07","guid":{"rendered":"http:\/\/www.kilicbicak.com\/?post_type=product&#038;p=564"},"modified":"2025-11-11T17:21:07","modified_gmt":"2025-11-11T17:21:07","slug":"sef-bicagi-001","status":"publish","type":"product","link":"https:\/\/www.kilicbicak.com\/index.php\/urun\/sef-bicagi-001\/","title":{"rendered":"\u015eef B\u0131\u00e7a\u011f\u0131 &#8211; 001"},"content":{"rendered":"<p>Kek, pasta ve \u0131zgara \u00fcr\u00fcnleriniz i\u00e7in d\u00fczg\u00fcn servis ve hassas \u00e7evirme imkan\u0131 sunan, kaliteli ve dayan\u0131kl\u0131 spatulalar.<\/p>\n","protected":false},"excerpt":{"rendered":"<p>Kek, pasta ve \u0131zgara \u00fcr\u00fcnleriniz i\u00e7in d\u00fczg\u00fcn servis ve hassas \u00e7evirme imkan\u0131 sunan, [&hellip;]<\/p>\n","protected":false},"featured_media":565,"comment_status":"open","ping_status":"closed","template":"","meta":[],"product_brand":[],"product_cat":[30],"product_tag":[],"class_list":{"0":"post-564","1":"product","2":"type-product","3":"status-publish","4":"has-post-thumbnail","6":"product_cat-sef-bicaklari","8":"first","9":"instock","10":"shipping-taxable","11":"purchasable","12":"product-type-simple"},"_links":{"self":[{"href":"https:\/\/www.kilicbicak.com\/index.php\/wp-json\/wp\/v2\/product\/564","targetHints":{"allow":["GET"]}}],"collection":[{"href":"https:\/\/www.kilicbicak.com\/index.php\/wp-json\/wp\/v2\/product"}],"about":[{"href":"https:\/\/www.kilicbicak.com\/index.php\/wp-json\/wp\/v2\/types\/product"}],"replies":[{"embeddable":true,"href":"https:\/\/www.kilicbicak.com\/index.php\/wp-json\/wp\/v2\/comments?post=564"}],"wp:featuredmedia":[{"embeddable":true,"href":"https:\/\/www.kilicbicak.com\/index.php\/wp-json\/wp\/v2\/media\/565"}],"wp:attachment":[{"href":"https:\/\/www.kilicbicak.com\/index.php\/wp-json\/wp\/v2\/media?parent=564"}],"wp:term":[{"taxonomy":"product_brand","embeddable":true,"href":"https:\/\/www.kilicbicak.com\/index.php\/wp-json\/wp\/v2\/product_brand?post=564"},{"taxonomy":"product_cat","embeddable":true,"href":"https:\/\/www.kilicbicak.com\/index.php\/wp-json\/wp\/v2\/product_cat?post=564"},{"taxonomy":"product_tag","embeddable":true,"href":"https:\/\/www.kilicbicak.com\/index.php\/wp-json\/wp\/v2\/product_tag?post=564"}],"curies":[{"name":"wp","href":"https:\/\/api.w.org\/{rel}","templated":true}]}}